 Let j be 4/u + (-14)/3. What is x(j)?
-14
Suppose 27 = 7*n + 2*n. Let i(k) = 0 - 8*k**2 + 2*k**3 - 3 - k**n + 2*k + 4*k**2. Give i(4).
5
Let l(n) = 5*n**2 + 5*n - 1. Let o(x) = -x**2 - x + 1. Let a(s) = -l(s) - 3*o(s). What is a(3)?
-26
Let o be ((-42)/(-10) - (-15)/(-75)) + 3. Let d(c) = -4*c - o - 14*c + 17*c. What is d(-6)?
-1
Let t be ((-2)/(-6))/(2/12*1). Let s(z) = -12*z + 2. Give s(t).
-22
Let h(b) = -5*b + b**2 + 3*b + 3*b - 3*b + 2. Let y = 11 + -18. Let u = -5 - y. Calculate h(u).
2
Let q = -4 - -21. Suppose 0 = -q*f + 18*f. Let t(y) = y**3 + y**2 - y + 13. Determine t(f).
13
Let m = -19 + 19. Let l(k) = -k - 8. Let f(u) = -3*u - 10. Let t(s) = s + 1. Let q(x) = -f(x) - t(x). Let n(j) = -3*l(j) - 2*q(j). Give n(m).
6
Suppose -4*h + 6 = g, 4*h - 2*h + 3*g - 8 = 0. Let q be -9 - h/((-5)/10). Let b(s) = 2*s + 1. Calculate b(q).
-13
Let k(r) be the second derivative of r**3/6 - 11*r**2/2 - r - 200. Suppose -b + 9 = 2. Give k(b).
-4
Let w(q) = -6*q**3 + 11*q**2 + 18*q - 15. Let i(r) = 7*r**3 - 11*r**2 - 19*r + 15. Let l(u) = -5*i(u) - 6*w(u). Give l(12).
3
Let c(d) be the second derivative of -d**4/12 - 11*d**3/6 - d**2 - 58*d + 1. What is c(-8)?
22
Let f(a) = 4*a - 3. Let n(g) = g**3 - g**2 + 7. Let x be n(6). Suppose 181 = 2*v + 3*j, -j - 2*j - x = -2*v. Let h be (-2)/7 - v/(-28). Determine f(h).
9
Let v(w) = -192 + w**3 - 18*w - 148 + 0*w**3 - 2*w + 367 - 18*w**2. Give v(19).
8
Let n(u) = u**2 - u - 3. Suppose -4*y - 3*g = y - 20, -g = -5*y + 40. What is n(y)?
39
Let n(f) = f**3 + 11*f**2 + 2*f - 3. Let o(l) = l**2 - 1. Let s(a) = n(a) - 4*o(a). Let d = 47 - 54. Give s(d).
-13
Let f(g) be the first derivative of g**3/3 - 6*g + 151. Determine f(-6).
30
Let w(h) be the first derivative of 0*h + 3 + 1/2*h**2 - h**3. Determine w(2).
-10
Let w(p) = 2*p**2 - 12*p - 8. Let k(r) = 2*r**2 - 12*r - 9. Let m(x) = -4*k(x) + 3*w(x). Let c(f) = f**2 - f - 1. Let j(s) = 3*c(s) + m(s). Calculate j(-7).
-5
Let u(s) = 5*s**3 - 21*s**2 + 24*s + 23. Let d(f) = -f**3 + 2*f**2 - f - 2. Let o(w) = -4*d(w) - u(w). Determine o(11).
7
Let m(n) = 5*n - 1. Let y(p) = 3*p - 21*p**2 + 0*p + 22*p**2 - 4. Let f be y(-5). Let t(i) = -i**2 + 6*i + 1. Let o be t(f). Calculate m(o).
4
Let x(m) = -6 - 7 + m**3 + 8*m**2 - 10*m + 5. Let u be x(-9). Let f(j) = 4*j**3 + j - 3*j**3 + 5*j**2 + 0*j**3 - 2*j**2 - u. Determine f(-3).
-4
Let s(n) = -n**3 + 15*n**2 - 13*n - 19. Suppose 0 = 20*m - 8*m - 168. What is s(m)?
-5
Let x(v) = -v**3 + 4*v**2 + 1. Let u be -6*3/((-3)/(-11)). Let g be (u - 2)/(-4) - -3. Suppose 4*h = -h + g. What is x(h)?
1
Let c(o) = -o**2 + 5*o + 12. Suppose -4*g + 20 = -4*x, -12*x + 13*x - 2 = 0. Determine c(g).
-2
Suppose 33 = 5*b + 3. Suppose 2*o - 2*j = 4, 4*o - b*o = -5*j + 11. Let h(d) = d**3 - 6*d**2 - 8*d + 9. Determine h(o).
2
Let j(g) = -4*g + 2*g + 8*g - 3*g - 11. Let w be j(6). Let s(f) = -f**3 + 8*f**2 - 6*f. Give s(w).
7
Let v = 17 + -12. Suppose 0*b - 2*b - 4*x = -12, 4*x = 2*b - 12. Let t(i) = -5 - i**2 + b*i - i + 1. Determine t(v).
-4
Let p(y) = -26*y**2 + 5*y - 19. Let n(x) = 11*x**2 - 3*x + 10. Let k(o) = 7*n(o) + 3*p(o). Calculate k(-7).
6
Let z(v) = -v**3 + 8*v**2 - 2*v + 19. Let w = -627 - -635. Calculate z(w).
3
Suppose -5*z + 2*h = -550, 0*h - 4*h = -z + 92. Let g(a) = -z*a - 1 + 7 + 113*a. What is g(-6)?
0
Let t(f) = -2*f + 10. Let o(a) = -a - 1. Let d(l) = 8*l + 13. Let h(m) = -3*d(m) - 21*o(m). Let q be h(-8). Let y be ((-2)/q)/((-4)/84). What is t(y)?
-4
Suppose -3*a - q + 9 = -2, 0 = 3*a - 2*q - 23. Suppose a*f - b = 0, 20 = b - 5*b. Let s(p) = 19*p**3 + p**2 - 1. What is s(f)?
-19
Let u = -379 + 383. Let v(p) be the first derivative of 1/2*p**2 - 3*p - 1/4*p**4 - u - p**3. Calculate v(-3).
-6
Let x(r) = -3*r**2 - 15*r. Let c(m) = 2*m + 0*m + 4*m**2 - 3*m**2 + 3*m. Let n(q) = 7*c(q) + 2*x(q). Let p be 2*3*(-4)/8. What is n(p)?
-6
Let n(p) = -4*p**3 - 23*p**2 - 15*p + 2. Let j be n(-5). Let y(o) be the second derivative of 1/12*o**4 - o + 1/3*o**3 - 3/2*o**2 + 0. Determine y(j).
5
Let g be (-9)/(3 + 0)*-1. Suppose -2*k = -7 - g. Let l(i) = -i**2 + 3*i + 4. What is l(k)?
-6
Let x(p) = -p**3 + p**2 + p + 7. Let q be x(0). Let y(z) = q*z**2 - 2 - z + 2*z**2 - 10*z**2. What is y(0)?
-2
Let b(x) = -11*x - 5710*x**2 - 5704*x**2 - 23 + 11416*x**2. Calculate b(7).
-2
Let b = -103 + 82. Let j be (-12)/24 - b/6. Let g(z) = -1 + z + z**2 + 2*z**2 - 2*z**2. Determine g(j).
11
Let a = 7 - 3. Let k(m) = -13 - a*m + 11 + 3*m. Suppose 0*w + 17 = 2*w - 5*i, -3*w + 4*i = -22. What is k(w)?
-8
Suppose -5*s + 4*s = -0*s. Suppose 6 = 3*k - k. Suppose u - k*u + 6 = s. Let a(l) = -l**2 + 3. Determine a(u).
-6
Let r(c) be the third derivative of 17*c**4/24 - c**3/3 + 28*c**2. Determine r(-2).
-36
Let q(l) = l + 0*l + 3*l - 5*l + 13. Let v be q(8). Let x(d) = -9*d**3 + d**2 - 8*d. Let k(g) = 5*g**3 + 5*g + 1. Let j(b) = -7*k(b) - 4*x(b). What is j(v)?
3
Let g = -26 + 28. Let i(r) = g - 3 - 5*r + 0 + 2*r**2 + 3. Give i(3).
5
Let x(s) be the first derivative of s**3/3 - 70. Let c(u) = -u + 7. Let r be c(3). Suppose -r*v + 0 = 4. What is x(v)?
1
Let p = -35 - -38. Let l(j) = 2*j + p*j**2 - 3*j + 8*j. Let z(y) = -8*y**2 - 20*y. Let f(h) = -17*l(h) - 6*z(h). What is f(1)?
-2
Let l(s) be the second derivative of -s**3/3 - s**2 + 9*s + 4. Determine l(-7).
12
Let y(j) = 4*j + 2. Suppose -18*z + 50 + 40 = 0. Calculate y(z).
22
Let n(y) = y**3 + 5*y**2 - 2*y. Suppose -4*c - 4 = -3*g, -3*c - 27 = -4*g - 2*c. Let u(l) = 3*l - 1. Let o be u(-4). Let d = o + g. What is n(d)?
10
Let y(p) = 1 + 5*p**3 - 4*p**3 - p + 6*p**2 + p. Let k be y(-6). Let l(b) = -14*b + 1. Give l(k).
-13
Let h(p) = -p**3 - 9*p**2 - 8*p - 4. Let o be -46*(-2)/4*1. Suppose 25 = -6*t - o. Determine h(t).
-4
Let c(n) = -2*n + 3. Let q = -1 - -2. Let p(f) = 2 - f - q + 2 + 1. Let l(m) = -2*c(m) + 3*p(m). Calculate l(-5).
1
Suppose 3*a - 4*m = -a + 48, a - 3*m - 12 = 0. Let q be a/1 - (8 - 3). Let i(n) = n**3 - 6*n**2 - 7*n. Calculate i(q).
0
Let y(s) = -2*s**3 - 19*s**2 + 10*s. Let q be y(-10). Let t(a) = 25 + a**2 + a - 10 + 0*a. Determine t(q).
15
Let s(k) = -k**2 + 30*k - 157. Let j be s(23). Let p(v) be the third derivative of 0 - 1/3*v**3 + 6*v**2 + 0*v + 1/24*v**j. Give p(0).
-2
Let t(l) = 15*l**2 - 3*l + 1. Let m(x) = 13*x**2 - 3*x + 1. Let v(c) = -7*m(c) + 6*t(c). Calculate v(2).
1
Suppose -n - 5 = -7. Let y be (12 - 8) + n + -1. Let k(u) = u - 8. What is k(y)?
-3
Let w(r) = -2 - 3 + 2 + r + 2. Suppose -3*l = -17*l - 112. What is w(l)?
-9
Suppose -15 = -3*m - 12*m. Let b(q) be the first derivative of -q**2/2 - q + 1. Give b(m).
-2
Let u be (-15 - 10)*(-2 + 1). Let x = 31 - u. Let k(w) = -3 + 1 + 2*w + x. Give k(-6).
-8
Let q(m) = m + 44. Let i be q(-44). Let g(f) be the third derivative of i*f + f**2 - 1/24*f**4 + 0 - 1/3*f**3. What is g(-5)?
3
Let d(y) be the third derivative of -y**5/60 - y**4/3 + 3*y**2. Suppose 0 = 3*b + 2*f + 23, -4*f + 6 = -4*b + 2. Calculate d(b).
15
Suppose 6*n - 10 - 2 = 0. Suppose 0 = 3*w - 1 - 5. Let j(l) = -16*l - w + 25*l + n. Calculate j(1).
9
Let g(u) = -u + 1 + 1 - 4 + 10. Let w be g(9). Let z(r) = -r**2 + 1 + 3 - 5 - 2*r. Calculate z(w).
0
Suppose -3*n - 5*o + 15 + 34 = 0, -20 = -4*o. Let s(b) = -b**2 + 10*b - 12. What is s(n)?
4
Let t(a) = -a**3 + 8*a**2 + a - 4. Let z be t(8). Let v be -2 + -6*9/(-6). Let j(b) = v*b - 17*b + 11*b + z*b**2. Determine j(-1).
3
Suppose 4*h + 3*b + b - 40 = 0, -2*h + 2*b + 16 = 0. Suppose 0 = -3*n + a + h, -4*a = -2*n - 0*n + 16. Let l(s) = 2 + s + s + 3 - n. Determine l(-2).
-1
Suppose 3 = -5*k - 12. Let a(g) = -g + g - 5 + 6 + 7*g. Give a(k).
-20
Let c(y) = 2*y**2 - y - 2. Let f = 5 - -7. Let l be (28/3)/(-9 - (-406)/42). Let v = f - l. What is c(v)?
8
Let d be -294*-2*(-5)/(-30). Suppose -2*o - 3*o - 3*h = d, 0 = -o + 2*h - 30. Let g = 26 + o. Let j(u) = u**3 - 5*u**2 + 3*u. Calculate j(g).
-4
Let o(k) = k**2 - 3*k - 7. Let c = 999 + -994. Give o(c).
3
Let i(d) = d**2 + d - 1. Suppose -j + 25 = 21. Suppose 5*n = j*n - 5. Let s(z) = -4*z**2 - 13*z - 1. Let g(p) = n*i(p) - s(p). Determine g(8).
6
Let l be 12/(-40)*6*(-3 + 8). Let h(q) = q + 13. Calculate h(l).
4
Let g be 27/(-6)*2/(-3). Suppose 35 = g*i + 4*q, -3*i + 7*i + 2*q = 30. Suppose 15 = i*w - 0*w. Let x(u) = 2*u - 3. Calculate x(w).
3
Let a be 96/(-9)*(-6)/4. L